024 and c.
32
Let x = 712 - 998. Let c = 305 + x. What is the highest common factor of c and 418?
19
Let y(q) = -q**3 + 18*q**2 - 17*q - 9. Suppose -16*t - 85 = -21*t. Let g be y(t). Let f be (-6)/2*(111/g + 1). What is the greatest common divisor of 374 and f?
34
Let q(g) = -5*g - 20. Let c be q(-11). Let x = 81 + -75. Suppose -x*p + 21 = -9. What is the highest common factor of c and p?
5
Let g(r) = 2*r - 1. Let l be g(5). Suppose -4*b + 43 = -l. Let z be (-2)/12 + 471/18. Calculate the highest common divisor of z and b.
13
Let m(q) = 67*q**2 - 17*q - 87. Let z be m(-4). Suppose 0 = -4*k - 5*k + z. What is the greatest common factor of k and 13?
13
Let j(f) = f**2 - 2*f - 12. Let t be ((-5)/3)/(65/(-234)). Let s be j(t). What is the greatest common divisor of s and 240?
12
Suppose -4*w + 3*n = -147, 73*w + 3*n + 39 = 74*w. What is the highest common factor of 2178 and w?
18
Let s(c) = -5*c - 26. Let v be s(-6). Let p(x) = 92*x + 80*x - 153*x - v + 6. Let z be p(1). Calculate the highest common divisor of 21 and z.
21
Let w be ((-78)/(-52))/(2/44). Suppose 29 = 3*v - 2*h - 17, 4*v + 3*h = w. What is the highest common divisor of 300 and v?
12
Let h(u) = 1016*u**2 - 30*u + 31. Let d be h(1). Calculate the highest common factor of 27 and d.
9
Let i = 446 + -396. Let z be (1 + (-3)/12)/(1/20). Calculate the greatest common factor of z and i.
5
Let f be (3/(-21))/(21/42)*-70. What is the highest common factor of 1024 and f?
4
Let c = -7701 + 14503. Calculate the highest common factor of c and 76.
38
Let o = 599 + -594. Suppose -54 = 3*z - 5*s - 141, 0 = o*s + 15. What is the highest common divisor of z and 348?
12
Suppose -y - 3*q + 17 = q, -3*y = -4*q - 3. Let b be 22/2 - (y - 0). What is the highest common factor of b and 22?
2
Suppose -322*w - 3*w = -1760 - 190. Let j be (40 + -1)*(-2)/(-3). Calculate the highest common divisor of w and j.
2
Let r(q) = q**3 - 16*q**2 + 22*q + 162. Let b be r(17). What is the greatest common factor of b and 132?
33
Let f = -11 - -20. Let w = -244 + 228. Let j = w + 88. What is the highest common divisor of j and f?
9
Let k(b) = 2*b**3 - 254*b**2 + 503*b + 357. Let u be k(125). What is the greatest common factor of 204 and u?
12
Let l = -101 - -182. Let t = -77 + l. What is the highest common divisor of t and 2?
2
Let p(r) = 3*r**2 - 76*r - 215. Let i be p(-3). What is the highest common divisor of 376 and i?
8
Suppose 18*v - 42 = 12*v. Let w be (-4)/(-12) + (-103)/3. Let t be (-1908)/(-34) - (-4)/w. Calculate the highest common factor of v and t.
7
Let p(k) = k**3 - 3*k + 3. Let g be p(-3). Let l = -10 - g. Suppose 4*h + l*h - 36 = 0. Calculate the highest common factor of 12 and h.
4
Let f be 2/9 - 140/(-18). Let n = 228 + -331. Let g = n - -119. What is the highest common factor of g and f?
8
Suppose -198 = -6*d + 2*d - 3*l, -5*d + 238 = -l. Suppose -8 = 5*f - d. What is the greatest common divisor of 36 and f?
4
Suppose -2*m - 1 = -7. Suppose 64 = 5*g + m*g. What is the highest common factor of g and 32?
8
Suppose 24 = b + 3*b. Suppose -9*m + 26 + 73 = 0. Let k = m - b. Calculate the highest common factor of 55 and k.
5
Suppose -43*j = -44*j - 108. Let m = -90 - j. What is the greatest common divisor of m and 27?
9
Suppose 5*z - z + 4432 = 12*r, -4*r - 5*z + 1471 = 0. What is the greatest common divisor of r and 180?
9
Suppose 0 = 3*m - 5*x - 6810, -x = 3*x - 12. Suppose 4*w = 2*p - 896, -4*p + m = p - 3*w. Suppose 410 = 4*o - p. What is the highest common factor of 31 and o?
31
Let k be (-4)/(4/(4 - -28)). Let q be (-34 - k) + (138 - (-2)/2). Suppose -2*b + 5*f + q = -0*b, f = -b + 51. Calculate the greatest common divisor of b and 16.
8
Let f be (-3168)/(-1760)*(-16160)/(-6). What is the greatest common factor of 48 and f?
48
Suppose 6*r + 9 = 27. Suppose -r*p + 2*b + 107 = 0, 4*b + 109 = -p + 4*p. Let a be (-1)/(45/(-21) - -2). Calculate the highest common factor of p and a.
7
Let d = 4182 - 4102. Calculate the greatest common divisor of d and 488.
8
Let m be 1364/(-4)*(-63 - 58). What is the highest common factor of m and 31?
31
Let h be 2/(-4) + (-287)/(-82). Suppose -98 = -5*y + h*s + 42, -2*y = 5*s - 56. Calculate the highest common factor of 364 and y.
28
Let z be (10/(-25))/(6/15)*-8833. What is the greatest common divisor of 121 and z?
121
Let a be 28/35 + (-5)/(75/(-888)). Suppose 0 = -663*v + 667*v - a. Calculate the greatest common divisor of 480 and v.
15
Let w(l) = l**2 - 59*l - 429. Let h be w(-7). Let c be (h/9)/(49/294). Let g be (6/2)/((-3)/(-2)). What is the highest common divisor of c and g?
2
Let f be -17 + 8 + -2 + 36. What is the greatest common divisor of f and 9675?
25
Let v be 6/(-8) + (-2)/((-88)/(-20911)). Let s = v + 674. What is the highest common factor of s and 33?
33
Let v be 2/4*0/(-2). Let l = -4933 - -4938. Suppose 0 = -5*j - 3*n + 79, v = -l*j - 2*n + 31 + 45. What is the highest common divisor of 182 and j?
14
Let n(v) = v**3 - 2*v**2 + 8*v - 7. Let u be n(5). Suppose -2*f - 2*f = -u. Let s = -64380 + 64389. What is the greatest common factor of f and s?
9
Suppose 0 = -3*x - 5*g + 18, 18*x = 22*x + 4*g - 16. Suppose -2*n + x = -j + 125, 2*j + 4*n - 232 = 0. What is the highest common divisor of j and 540?
60
Let c be (0 - -10)*(30/4 + -7). Suppose -3*b = -c*n - 25 - 53, 5*n = -2*b + 27. What is the greatest common divisor of 14 and b?
7
Let a(b) = 961*b**3 - 5*b**2 + 7*b - 2. Let q be a(2). Suppose -19*u + 3*u = -q. What is the highest common divisor of 60 and u?
60
Let b be 7/(-28) - ((-21)/4)/1. Suppose -j - 2 = -b*d, 85 = 3*j + d + 11. Calculate the highest common factor of 207 and j.
23
Suppose 271*r - 3028 = 33557. Let a be 12/1*(-9)/(-4). Calculate the greatest common factor of r and a.
27
Let q be 2/(-2 + 1) + 252. Let x = q + -165. Suppose -5882 = 9*l + 8*l - 190*l. Calculate the highest common divisor of l and x.
17
Suppose -3*b - 93 = -2*q, -q - 13*b + 42 = -10*b. What is the highest common factor of 125 and q?
5
Suppose 0 = 336*h - 305*h - 11036. What is the highest common factor of 979 and h?
89
Let z = 10234 - 7346. What is the greatest common factor of 456 and z?
152
Let n be 2/7 - (52/(-14) + 0). Suppose 0 = -s + q + 238, 7*s + n*q - 714 = 4*s. Suppose 5*f = 122 + 48. What is the greatest common factor of s and f?
34
Suppose 140*h - 311047 = 27753. Calculate the highest common divisor of h and 1331.
121
Let x = 49 + -155. Let c = 102 + x. Let r be ((-2)/(-2))/(c/(-620)). Calculate the greatest common factor of 31 and r.
31
Let u = -7384 - -10910. Calculate the highest common factor of u and 123.
41
Let m be 131 + 315/(-75) + 2/10. Let g = m + -127. Let i(j) = -j**2 + 4*j + 141. Let n be i(g). What is the greatest common factor of n and 94?
47
Let a be ((-3134)/(-8) + -4)/(-12*3/(-96)). Calculate the highest common factor of a and 110.
22
Suppose 0 = -53*z + 41*z + 3120. Suppose 0 = 3*f + 191 - z. What is the greatest common divisor of 621 and f?
23
Let k be (69 + 27)/((18/56)/3). Let s(x) = -x**3 - 62*x**2 + 115*x - 818. Let g be s(-64). Calculate the greatest common divisor of g and k.
14
Let x = -15 + 23. Let w(a) = -13*a**3 - a**2 - 6*a - 8. Let l be w(-2). Calculate the greatest common factor of x and l.
8
Let c(v) = -3*v - 53 - 21*v + 7*v + 22. Let j be c(-11). Let f = 271 - j. Calculate the greatest common divisor of f and 23.
23
Suppose -450*w + 338*w + 5376 = 0. What is the highest common divisor of w and 7332?
12
Let u = -53 + 67. Suppose -f - 226 + 81 = 0. Let q = -103 - f. What is the greatest common factor of q and u?
14
Let z = -10 + 7. Let m be (1/z)/((-1)/39). Let i be (1 - 3) + 36 + (-11 - -16). What is the highest common factor of m and i?
13
Let f be 34 + (1 - -3) - (1 - 3). Let q = f + -39. Let a be (59 - q) + 3/(-1). Calculate the highest common factor of 5 and a.
5
Suppose -1842*l - 624 = -1846*l. What is the highest common divisor of l and 1508?
52
Let w(z) = -5*z - 202. Let i be w(-44). Suppose -2*f = 4, -q = 2*q + 5*f - 80. Calculate the highest common factor of i and q.
6
Suppose -5*a = -679 + 179. Let k = a - 82. What is the highest common divisor of k and 171?
9
Let g be ((-22)/33)/(((8/(-1284))/(-1))/(-2)). Calculate the highest common divisor of g and 6313.
107
Suppose -65*i + 4824 + 136616 = 0. What is the highest common